1. Suppose v*f = 796 - 268. What is the greatest common factor of f and 22?
22
Let q(y) = -3*y - 29. Let w be q(12). Suppose -4*g - 17 = 139. Let t = g - w. What is the highest common factor of 65 and t?
13
Let f(y) = 27*y + 3393. Let k be f(-118). Let v = 161 + -107. What is the highest common divisor of k and v?
9
Suppose -a + 29 + 37 = 0. Let g be (9 + -7)*(1 - (-6)/4). Let t be (g + 22/(-5))/(2/110). Calculate the highest common divisor of t and a.
33
Let m(c) be the first derivative of c**4/4 - 7*c**3/3 - 3*c**2 - 7*c - 23. Let j be m(8). What is the highest common divisor of j and 36?
9
Let k(q) = q**2 + 28*q + 284. Let a be k(-38). What is the greatest common divisor of a and 24?
8
Let r(n) = -2*n + 2*n**2 - 20 + 27 - 4*n. Let d be r(1). Suppose 20 = 5*l - 0*l + 3*h, -d*h = 0. Calculate the highest common divisor of l and 6.
2
Let t(m) = m**2 + 17*m - 141. Let x be t(6). Let w be (x + 4)/((-7)/(-1015)). What is the highest common factor of 116 and w?
29
Let t(j) = -j**3 + 30*j**2 - 56*j + 2. Let r be t(28). Suppose -g - 56 = -5*g. Let w be r/(4/g)*3. What is the highest common divisor of 126 and w?
21
Suppose 2838 + 1212 = 5*t. Let a(y) = y**2 - 248*y - 10044. Let p be a(-36). What is the highest common divisor of t and p?
90
Suppose -r = 5*d - 3515, -3*d - 1200 = 3*r - 3321. Let b be 53/9 - (-78)/d. Calculate the highest common divisor of 3 and b.
3
Suppose 0 = 2*h + y - 27, -20*y + 10*y = -4*h + 18. Suppose -3*i + 174 = 3*d, 0 = 3*d + 2 + 4. What is the highest common divisor of h and i?
12
Let q be (2 + -1328)/(36/(-54)). What is the highest common divisor of 117 and q?
117
Suppose -3*h + 3 = -0*h. Let q be h/((-1)/3)*-6. Suppose 0 = 8*r - 14*r + 972. What is the greatest common factor of r and q?
18
Let o be ((134 + 1)*(-65)/(-195))/(2/48). Calculate the highest common factor of o and 2565.
135
Suppose 22*q + 24646 - 85146 = 0. What is the highest common factor of 11 and q?
11
Let v be ((-282)/(-9))/(-12 - 3184/(-264)). What is the highest common factor of 423 and v?
47
Suppose 8*o - 10*o + 56 = 0. Suppose -2*n + 84 - o = 0. What is the greatest common divisor of 14 and n?
14
Let j be (20/70)/(2/154). What is the greatest common divisor of 3322 and j?
22
Let c be 77 + (-21)/(189/90). Calculate the highest common divisor of c and 1943.
67
Suppose -17*w - 40 = 11. Let s be (661 - 1) + w/6*-8. Let i = 1038 - s. What is the greatest common divisor of 34 and i?
34
Let r be (0 + -4)*(-1)/1. Let z = 239 - 236. Let a be ((285/(-2))/19)/(z/(-4)). What is the greatest common divisor of a and r?
2
Let h(v) = -v**2 - v**3 - 7555*v - 6 + 5*v**2 + 7558*v. Let a be h(-3). What is the highest common factor of 6 and a?
6
Let c be (-274)/(-4) + 1/2. Let i(p) = -8052*p - 152985. Let o be i(-19). Calculate the highest common factor of o and c.
3
Suppose 59*l = -778 + 38538. Calculate the greatest common factor of 70 and l.
10
Suppose -266120 = -443*l + 1279950. Calculate the greatest common divisor of l and 10.
10
Let v = 479 - 151. Let y = 378 - v. Suppose 4*o - 1270 = -o - 5*x, -4*x + 516 = 2*o. What is the greatest common divisor of o and y?
50
Let k be -21 - 861/(-42) - 247/(-2). What is the highest common divisor of k and 451?
41
Suppose 2*f - 19 + 5 = -p, 8 = p + 4*f. Let o = -19 + 72. Let t be 1*-2 + o + 9. What is the greatest common factor of p and t?
20
Let w(i) = 8*i**2 + 1043*i - 2083. Let k be w(2). Calculate the greatest common divisor of k and 1715.
35
Suppose -i - 2 = -6. Suppose -8*x = -2*x - 2*x. Suppose 40 = 4*h - 5*v, -h + x*v - 5*v + 10 = 0. What is the greatest common factor of i and h?
2
Let y be (-26)/(78/(-9))*40/3. Calculate the greatest common factor of y and 6480.
40
Let y be (-360)/(-175) - (-5 + (-885)/(-175)). Calculate the greatest common divisor of 530 and y.
2
Suppose 0 = -92*o - 182*o - 633*o + 105212. Suppose 3*b = -12, j + 3*b + 18 = -0*b. Let d be (2/j)/(2/(-174)). Calculate the highest common divisor of o and d.
29
Suppose -10*q = 78 - 1528. Let b = -13 - -42. Calculate the highest common divisor of q and b.
29
Let r(i) = i**3 - 3*i**2 - 2*i - 5. Suppose 0 = 4*a + 8*a - 36. Let z be r(a). Let g = z - -13. What is the highest common factor of 32 and g?
2
Suppose -5*t + 1632 = 3*d - 10*t, 3*t = 2*d - 1089. Suppose -29 = 5*m - d. What is the highest common divisor of m and 24?
8
Let o(i) = 24*i**2 - 94*i + 173. Let r be o(5). Calculate the highest common divisor of 21 and r.
3
Let r be 214/10 + (-4)/10. Suppose i + 0*i - 7 = -t, 0 = -i - 2*t + 8. What is the highest common divisor of i and r?
3
Let k be (-15)/(-12) - 6/(-9)*28452/32. Calculate the greatest common factor of k and 432.
54
Let k = 447193 - 447115. Let c be 54/2 - 3/3. Suppose j + 2*d = -4*j + 130, -5*d - c = -j. Calculate the highest common divisor of j and k.
26
Let h be 11*2/4 - 9/18. Suppose -k + h*b = -94, -k - 2*b = -9 - 92. What is the highest common factor of k and 11?
11
Let d(s) = -61*s - 305. Let i be d(-21). Let t = 1504 - i. What is the greatest common divisor of 96 and t?
48
Let w be 612/38 + 7/(-38)*136/238. Suppose 904 = 5*a + s - 138, -a + 4*s = -200. What is the greatest common factor of w and a?
16
Let o = -96 + -366. Let s be (-3)/((-12)/8) - o. Calculate the highest common factor of s and 29.
29
Suppose o + 2 = -4*r, -5*o + 24*r + 11 = 23*r. Suppose o*f - 306 = 3*s - 5*s, 2*s - f - 315 = 0. Calculate the highest common factor of 48 and s.
12
Let z(t) = 83*t - 2714. Let b be z(34). Calculate the greatest common factor of b and 2862.
54
Suppose 20225*l = 20229*l - 34580. Calculate the highest common factor of l and 195.
65
Suppose 0 = 210*q - 205*q - 40. Let y be (q/(-6))/((-16)/204). What is the greatest common factor of y and 459?
17
Let v be -4*(-2)/(-36) + (-40)/(-18). Let i(b) = 2*b**3 - 2*b**2 + 3*b - 8. Let a be i(v). Calculate the highest common factor of 15 and a.
3
Let w be (-32)/(0 + 6 + 15/18330*-7336). What is the highest common factor of 32 and w?
16
Let q(j) = j**3 - 8*j**2 + 7*j - 19. Let h be q(8). Let s be 3*(180 + (10 - -1) + -6). What is the highest common divisor of s and h?
37
Let w = 494 - 476. Let g = 22 + w. Let v = -25 - -45. What is the greatest common factor of g and v?
20
Let s = -199 + 342. Let q = -107 + s. Let i = -38 - -74. What is the greatest common divisor of i and q?
36
Let j be (-2)/(-6)*(-2 + 5). Let u be -6*(0 - j) + 43. Calculate the greatest common divisor of u and 35.
7
Suppose -34 - 38 = -2*s. Suppose 2*i + 7911 = 11*i. Suppose -3*n + w + 861 = 0, 3*n - i = -0*w - 5*w. What is the greatest common divisor of n and s?
36
Let s be (-2)/(-4 - -6) + (-177)/(-3). Suppose s = 21*h - 5. Calculate the highest common factor of h and 21.
3
Let j(m) be the second derivative of 4/3*m**3 + 1/12*m**4 + 0 + 8*m - 5/2*m**2. Let s be j(5). Calculate the highest common divisor of 24 and s.
12
Let f be (425/(-51))/25*-66. Calculate the highest common factor of f and 12562.
22
Let o = -21 + -13. Let a be -4 + 5/((-5)/o). Let b(p) = p**2 + 3*p - 60. Let r be b(-10). What is the highest common factor of r and a?
10
Suppose -2*o + 5*u + 80 = 0, -46 = 4*o - 5*o + 4*u. What is the highest common divisor of 345 and o?
15
Suppose -3*w = -5 - 1. Suppose -202 = -56*x - 34. Suppose 0 = -x*k + w*d - 6*d + 50, 46 = 3*k + 5*d. What is the highest common factor of 88 and k?
22
Let c = 5904 - 5519. What is the highest common factor of c and 121?
11
Let b be 32/10 + -3 + 382/(-10). Let c = b + 42. Suppose -28 = -8*s + c*s. What is the greatest common divisor of 56 and s?
7
Let i = -349 - -224. Let k = 138 + i. Calculate the greatest common divisor of 559 and k.
13
Let z be (-48)/40*-35 + -2 + -2 + 4. Calculate the highest common factor of 318 and z.
6
Suppose 228*m - 11426 + 4566 = 40564. What is the highest common divisor of m and 559?
13
Let u(v) = 642*v + 252. Let y be u(0). What is the greatest common factor of y and 828?
36
Let b(s) = 3*s**2 + 6*s - 3. Let z be b(-8). Suppose 11*r - 7416 = 6840. Suppose 0 = -17*h + r + 302. What is the greatest common factor of h and z?
47
Let r be 3/(-3*(-7)/1162). Suppose 26*i = -10 + r. Calculate the greatest common divisor of 2 and i.
2
Let q(n) = 5*n - 6. Let v be q(7). Suppose 41*s - 1082 - 658 = 26*s. What is the highest common divisor of v and s?
29
Let d = -9 - -41. Let r be (